
Let p(j) = -3*j**3 - 3*j - 1. Let y be p(-2). Suppose 149 = 4*v - 3. Suppose x = 2*z - y, -4*z + v = x + x. List the prime factors of z.
2, 3
Let w be (2 - 12)/((-6)/3). Suppose 5*c = -3*l + 58, 0 = w*c - l - 3*l - 51. List the prime factors of c.
11
Let p = 5 - -2. Suppose p*t = 3*t + 132. Let v = -21 + t. List the prime factors of v.
2, 3
Let g(a) = -6*a + 0 + a + a**2 + 4 + 0*a. List the prime factors of g(6).
2, 5
Let w(i) = -i**2 + 6*i + 1. Let t(r) = r**2 + 2*r + 1. Let v be t(-3). List the prime factors of w(v).
3
Suppose 0 = 5*w - 2*w - 21. Let k(y) = y**2 - 6*y + 6. What are the prime factors of k(w)?
13
Suppose -2*w - l + 60 = w, w - 4*l - 33 = 0. What are the prime factors of (-14 + 0)*(-54)/w?
2, 3
Let k be (-20 - -14)*(-4)/6. Suppose -52 = -3*n + 2*z, -4*z - 72 = -k*n - 0*z. What are the prime factors of n?
2
Let f be 12/(-9)*9/6. Let s = f - -5. What are the prime factors of s/(-4)*-2*10?
3, 5
Let s = 1 - 0. Let c = 3 - s. Suppose -3*g - 5 = -c*g + 3*k, 4*g + 2*k - 20 = 0. List the prime factors of g.
7
Let y(n) = n**2 - 5*n - 10. Let x be y(7). Suppose 9*j - 55 = x*j. List the prime factors of j.
11
Let t = -9 - -18. What are the prime factors of t?
3
Let q(m) = -m**3 + 23*m**2 + 37*m + 49. List the prime factors of q(24).
19
Let p = -42 + 79. What are the prime factors of p?
37
Suppose -50 = 5*t - 135. What are the prime factors of t?
17
Let q(y) = y**2 + 1. List the prime factors of q(-2).
5
Let s = 150 - 92. Suppose 87 + s = 5*u. What are the prime factors of u?
29
Let o(i) = -i - 2. List the prime factors of o(-7).
5
Suppose -3*g = -4*k + 2, -3*k + 11 + 28 = 4*g. What are the prime factors of g?
2, 3
Let z(m) = 13*m - 22. List the prime factors of z(7).
3, 23
Suppose 0*q - 5*q - 2660 = 0. Let m be q/(-16) - (-1)/(-4). Suppose -m = -3*j + 3. What are the prime factors of j?
2, 3
Let a = -324 + 489. What are the prime factors of a?
3, 5, 11
Let g = -54 + 21. Let u = 56 + g. What are the prime factors of u?
23
Suppose 0 = 3*f + 382 - 1519. What are the prime factors of f?
379
Let j(v) = -7*v - 28. List the prime factors of j(-14).
2, 5, 7
Let m = 356 + -248. What are the prime factors of m?
2, 3
Let f be (-185)/(-35) + 4/(-14). Let r(l) = -l**2 - 9*l - 10. Let y be r(-7). Suppose -3*a - y*w = -45, -a = -0*a - f*w - 15. List the prime factors of a.
3, 5
Suppose -3*c - 9 = -60. What are the prime factors of c?
17
Let g(w) = 57*w. What are the prime factors of g(1)?
3, 19
Let k = 86 + -43. Suppose k = 2*h - 3*c, -4*h + 22 = -2*h + 4*c. What are the prime factors of h?
17
Let s(n) = 32*n**2 - 2*n - 2. What are the prime factors of s(-2)?
2, 5, 13
Let i(p) = -56*p - 7. What are the prime factors of i(-2)?
3, 5, 7
Suppose -k + 46 = -g, 4*k - g = -0*g + 190. List the prime factors of k.
2, 3
Let j(t) = 5*t**2 + t - 4. Let d be j(3). Suppose 0 = 4*l - 2*l - d. What are the prime factors of l?
2, 11
Suppose 0 = 5*o - 3*l - 286, -5*o + l = -134 - 158. List the prime factors of o.
59
Suppose 2*l - l = 2. Suppose 3*k + 4*v - 34 = 0, -k + l*k - v - 9 = 0. List the prime factors of k.
2, 5
Suppose 0*l + 3*l = -9. Let i be 27*1*(-3)/l. Suppose -j = 2*j - i. What are the prime factors of j?
3
Let b(c) = -2*c**3 + c**2 + 2. Let i be (-99)/(-36) - (-3)/(-4). Let s be b(i). Let f = 14 + s. List the prime factors of f.
2
Suppose -234 = -f - f. What are the prime factors of f?
3, 13
Let l(c) = 22*c + 33. List the prime factors of l(9).
3, 7, 11
Suppose -4*v + 25 = v. Suppose -4*g - v*h = -g - 45, 5*h + 25 = 4*g. What are the prime factors of g?
2, 5
Suppose -6*i + 115 = -131. Suppose -3*c + 28 = -i. What are the prime factors of c?
23
Let x = 16 + 12. List the prime factors of x.
2, 7
List the prime factors of 95/2*(-12)/(-10).
3, 19
Let x = 0 + 2. Suppose -3*v + r + 50 = 0, -r = r - x. What are the prime factors of v?
17
Suppose -w - 12 = 5*a, 0 = -3*w - 2*a - a + 24. List the prime factors of w.
13
List the prime factors of -246*(2/(-11) - (-10)/(-66)).
2, 41
Let h = -178 + 293. Suppose 0 = 2*n + 3*n - h. List the prime factors of n.
23
Let l(j) = -j**3 + 5*j**2 + 8*j - 5. Suppose -4*k = -5*n + 37, -2*k - k - 9 = 0. List the prime factors of l(n).
5, 7
Let k be ((-17)/(-2))/(1/6). Let w = -3 + k. Suppose -6*j + w = -2*j. List the prime factors of j.
2, 3
Suppose z = -z - 2. Let w(x) = 10*x**2 + 1. List the prime factors of w(z).
11
Suppose -4*b - 6 + 2 = -x, 36 = 2*x - b. List the prime factors of x.
2, 5
Let p(w) = -w + 6. Let k be 33 + 0 + 0 + 0. Suppose -3*x + 12 - k = 0. What are the prime factors of p(x)?
13
What are the prime factors of 20 - (-7 - (2 - 6))?
23
What are the prime factors of (-5)/(-35) + 312/21?
3, 5
Let j = 21 - 13. Let f = -18 + 33. Let p = f - j. List the prime factors of p.
7
Suppose 8*x - 3*x = 90. Suppose -5*a + 2*a + x = 0. List the prime factors of a.
2, 3
List the prime factors of (-108)/(-26) - 26/169.
2
Suppose 8 = -3*r + 62. What are the prime factors of ((-30)/r)/(1/(-3))?
5
Suppose c - 5*c = -84. Suppose 5*p - 23 = 2*k, 8*k - 4*k = 5*p - c. Suppose -36 - 84 = -p*x. List the prime factors of x.
2, 3
Suppose 68 + 112 = -4*k. Let t = 74 + k. List the prime factors of t.
29
Suppose -7*n = -4*n - 15. List the prime factors of ((-1)/(-2))/(n/60).
2, 3
Suppose -4*v - 88 = -2*s, 3*s - v - v - 112 = 0. What are the prime factors of s?
2, 17
Let o = -3 - -8. Let t = o + -3. Suppose 4*v - 28 = -5*f, -4*v + 3*v = -t*f + 19. List the prime factors of f.
2
Suppose -2*m - 5*f + 152 = 0, 0 = 2*m + 2*m - 5*f - 334. What are the prime factors of m?
3
What are the prime factors of (3 - (-8 - -1)) + -3?
7
List the prime factors of (-1)/2*(-405 - 17).
211
Let x(z) = -z**3 + 2*z**2 - 2*z. Let p be x(2). Let t(a) = a**2 - 3*a + 3. List the prime factors of t(p).
31
Let c = -14 + 16. Suppose 5*t - 142 = -c*f, 80 = 3*t - 4*f - 0*f. List the prime factors of t.
2, 7
Let d(n) = n**2 + 3. Let c be d(-5). Suppose 0 = -y - 3*y + c. List the prime factors of y.
7
Suppose -z = -4*y + 36, 0 = -2*y - 0*z + z + 20. Let d be 2/y + 2/(-8). Suppose d = 5*m - 33 - 12. What are the prime factors of m?
3
Let d = -1 + 2. Let v be (3 - 2)*(d + 0). What are the prime factors of (2/v)/2 - -9?
2, 5
Let u(o) = -o**3 - 6*o**2 + 5*o - 10. Let n(q) = -2*q + 7. Suppose 3*m = -0*m + 21. Let t be n(m). List the prime factors of u(t).
2
Let d = 146 - 5. List the prime factors of d.
3, 47
Let r(t) = -t**3 + 6*t**2 - 5*t + 2. What are the prime factors of r(4)?
2, 7
Let f be (-6)/4*(-266)/21. Suppose 5*x - f = 66. What are the prime factors of x?
17
Suppose -8*w = -5*w - 231. List the prime factors of w.
7, 11
Let g(x) = x**2 + 9*x + 7. Let k be g(-9). Let u be k/((-3)/(1*-3)). Let w = u - 1. List the prime factors of w.
2, 3
Suppose 2*l + g - 4 + 1 = 0, l = g + 9. Let v be l/8*(-4)/1. What are the prime factors of (12/10)/(v/(-5))?
3
Suppose 5*k - 1 = 4, 2*d + 3*k - 9 = 0. Suppose -19 = -d*o + p, 23 = 2*o + o - 5*p. Let q(f) = -f**2 + 9*f - 8. List the prime factors of q(o).
2, 5
Let g be -5*((-3)/(-5) - 0). What are the prime factors of (84/(g + -1))/(-1)?
3, 7
Let c be (-3)/(-2)*56/12. Let p(s) = s**3 - 7*s**2 + s - 3. What are the prime factors of p(c)?
2
List the prime factors of (-316)/(-6) - (-1)/3.
53
Let w(l) = 10*l + 8. List the prime factors of w(5).
2, 29
Let o = 1 - -1. Let g(z) = -z**3 + 6*z**2 - 2*z - 1. What are the prime factors of g(o)?
11
Suppose 3*a = -4*h - 39, 7 = 2*h - 3*h + 2*a. Let s = -5 - h. Let m = s - -3. What are the prime factors of m?
7
What are the prime factors of (-4)/(-26) - 345/(-39)?
3
Let d(g) = -4*g**3 + 2*g + 1. Let h be d(-1). Suppose -q = h*q. Let c = q + 2. List the prime factors of c.
2
Let f be 0/(6/(-3))*1. Suppose 4*i - 57 = 5*z, -2*i - 3*z + 5*z + 26 = f. What are the prime factors of i?
2
Suppose -4*f + 2*s = -12, -f + 5*s - s = -17. Suppose 0 = p + 7 - f. Let i(y) = -y**2 - 7*y + 7. What are the prime factors of i(p)?
13
Suppose 0 = -2*d + 6*d + y - 92, -12 = -3*y. Suppose -d = 2*b - 74. What are the prime factors of b?
2, 13
Let m = 61 - 11. Let s = 71 - m. What are the prime factors of s?
3, 7
Suppose 4*z = -3*f + 2*f + 54, 5*f - 294 = 4*z. What are the prime factors of f/4 - (-6)/(-4)?
13
Let o be 1 + -4*(-1)/2. Let u(z) = 4*z**2 - 5*z + 4. List the prime factors of u(o).
5
Let v(a) = -a**2 - 2*a + 3. Let n 